{"id":385,"date":"2021-11-11T17:50:38","date_gmt":"2021-11-11T16:50:38","guid":{"rendered":"http:\/\/sgp.loks.com.pl\/?page_id=385"},"modified":"2022-02-04T08:08:12","modified_gmt":"2022-02-04T07:08:12","slug":"czlonkostwo","status":"publish","type":"page","link":"https:\/\/sgp.edu.pl\/index.php\/czlonkostwo\/","title":{"rendered":"Cz\u0142onkostwo"},"content":{"rendered":"\t\t<div data-elementor-type=\"wp-post\" data-elementor-id=\"385\" class=\"elementor elementor-385\">\n\t\t\t\t\t\t<section class=\"elementor-section elementor-top-section elementor-element elementor-element-aa593bc elementor-section-boxed elementor-section-height-default elementor-section-height-default\" data-id=\"aa593bc\" data-element_type=\"section\">\n\t\t\t\t\t\t<div class=\"elementor-container elementor-column-gap-no\">\n\t\t\t\t\t<div class=\"elementor-column elementor-col-100 elementor-top-column elementor-element elementor-element-575f4c7\" data-id=\"575f4c7\" data-element_type=\"column\">\n\t\t\t<div class=\"elementor-widget-wrap elementor-element-populated\">\n\t\t\t\t\t\t<div class=\"elementor-element elementor-element-8441fec elementor-widget elementor-widget-text-editor\" data-id=\"8441fec\" data-element_type=\"widget\" data-widget_type=\"text-editor.default\">\n\t\t\t\t<div class=\"elementor-widget-container\">\n\t\t\t\t\t\t\t\t\t<h1 class=\"entry-title\">Cz\u0142onkowstwo<\/h1>\t\t\t\t\t\t\t\t<\/div>\n\t\t\t\t<\/div>\n\t\t\t\t\t<\/div>\n\t\t<\/div>\n\t\t\t\t\t<\/div>\n\t\t<\/section>\n\t\t\t\t<section class=\"elementor-section elementor-top-section elementor-element elementor-element-11eb85c6 elementor-section-boxed elementor-section-height-default elementor-section-height-default\" data-id=\"11eb85c6\" data-element_type=\"section\">\n\t\t\t\t\t\t<div class=\"elementor-container elementor-column-gap-no\">\n\t\t\t\t\t<div class=\"elementor-column elementor-col-100 elementor-top-column elementor-element elementor-element-36940a8f\" data-id=\"36940a8f\" data-element_type=\"column\">\n\t\t\t<div class=\"elementor-widget-wrap elementor-element-populated\">\n\t\t\t\t\t\t<div class=\"elementor-element elementor-element-554e499 elementor-widget elementor-widget-text-editor\" data-id=\"554e499\" data-element_type=\"widget\" data-widget_type=\"text-editor.default\">\n\t\t\t\t<div class=\"elementor-widget-container\">\n\t\t\t\t\t\t\t\t\t<p><\/p>\n<p>Cz\u0142onkiem zwyczajnym Stowarzyszenia mo\u017ce zosta\u0107 osoba pe\u0142noletnia dzia\u0142aj\u0105ca naukowo w zakresie szeroko rozumianej germanistyki lub posiadaj\u0105ca wykszta\u0142cenie w tym zakresie, kt\u00f3rej kwalifikacje zosta\u0142y uznane przez Zarz\u0105d Stowarzyszenia za wystarczaj\u0105ce. Decyzj\u0119 o przyj\u0119ciu cz\u0142onk\u00f3w zwyczajnych podejmuje Zarz\u0105d Stowarzyszenia na postawie <a href=\"https:\/\/sgp.edu.pl\/wp-content\/uploads\/2022\/01\/wniosek-kandydata.doc\"><span style=\"text-decoration: underline;\">wniosku<\/span><\/a> <span style=\"font-size: 13px;\">i pisemnej opinii (rekomendacji)\u00a0dw\u00f3ch cz\u0142onk\u00f3w zwyczajnych.<\/span>\u00a0<\/p>\n<p><\/p>\n<p>Aktywnym cz\u0142onkiem Stowarzyszenia staj\u0105 si\u0119 Pa\u0144stwo w chwili uiszczenia rocznej sk\u0142adki cz\u0142onkowskiej, tj. nie p\u00f3\u017aniej ni\u017c do 30 marca roku kalendarzowego. Cz\u0142onkowie, kt\u00f3rzy terminowo ureguluj\u0105 swoje zobowi\u0105zania, otrzymaj\u0105 dofinansowanie koszt\u00f3w zakwaterowania podczas dorocznych konferencji SGP, oraz tom konferencyjny.<\/p>\n<p><\/p>\t\t\t\t\t\t\t\t<\/div>\n\t\t\t\t<\/div>\n\t\t\t\t\t<\/div>\n\t\t<\/div>\n\t\t\t\t\t<\/div>\n\t\t<\/section>\n\t\t\t\t<section class=\"elementor-section elementor-top-section elementor-element elementor-element-37c28fb elementor-section-boxed elementor-section-height-default elementor-section-height-default\" data-id=\"37c28fb\" data-element_type=\"section\">\n\t\t\t\t\t\t<div class=\"elementor-container elementor-column-gap-no\">\n\t\t\t\t\t<div class=\"elementor-column elementor-col-100 elementor-top-column elementor-element elementor-element-1762652\" data-id=\"1762652\" data-element_type=\"column\">\n\t\t\t<div class=\"elementor-widget-wrap elementor-element-populated\">\n\t\t\t\t\t\t<div class=\"elementor-element elementor-element-c3b4a7c elementor-widget elementor-widget-text-editor\" data-id=\"c3b4a7c\" data-element_type=\"widget\" data-widget_type=\"text-editor.default\">\n\t\t\t\t<div class=\"elementor-widget-container\">\n\t\t\t\t\t\t\t\t\t<h1 class=\"entry-title\">Sk\u0142adka cz\u0142onkowska<\/h1>\t\t\t\t\t\t\t\t<\/div>\n\t\t\t\t<\/div>\n\t\t\t\t\t<\/div>\n\t\t<\/div>\n\t\t\t\t\t<\/div>\n\t\t<\/section>\n\t\t\t\t<section class=\"elementor-section elementor-top-section elementor-element elementor-element-896f73c elementor-section-boxed elementor-section-height-default elementor-section-height-default\" data-id=\"896f73c\" data-element_type=\"section\">\n\t\t\t\t\t\t<div class=\"elementor-container elementor-column-gap-no\">\n\t\t\t\t\t<div class=\"elementor-column elementor-col-100 elementor-top-column elementor-element elementor-element-13900ef\" data-id=\"13900ef\" data-element_type=\"column\">\n\t\t\t<div class=\"elementor-widget-wrap elementor-element-populated\">\n\t\t\t\t\t\t<div class=\"elementor-element elementor-element-842edfa elementor-widget elementor-widget-text-editor\" data-id=\"842edfa\" data-element_type=\"widget\" data-widget_type=\"text-editor.default\">\n\t\t\t\t<div class=\"elementor-widget-container\">\n\t\t\t\t\t\t\t\t\t<header class=\"entry-header\"><\/header>\n<div class=\"entry-content\">\n<div class=\"elementor elementor-391\" data-elementor-type=\"post\" data-elementor-id=\"391\" data-elementor-settings=\"[]\">\n<div class=\"elementor-inner\">\n<div class=\"elementor-section-wrap\">\n<section class=\"elementor-element elementor-element-563cb60c elementor-section-boxed elementor-section-height-default elementor-section-height-default elementor-section elementor-top-section\" data-id=\"563cb60c\" data-element_type=\"section\">\n<div class=\"elementor-container elementor-column-gap-default\">Ka\u017cdy cz\u0142onek Stowarzyszenia Germanist\u00f3w Polskich jest zobowi\u0105zany uiszcza\u0107 roczne sk\u0142adki cz\u0142onkowskie w wysoko\u015bci 100 z\u0142 za ka\u017cdy rok kalendarzowy. Sk\u0142adki nale\u017cy wp\u0142aca\u0107 na konto bankowe SGP. Nowi cz\u0142onkowie wp\u0142acaj\u0105 sk\u0142adki po otrzymaniu informacji o przyj\u0119ciu w poczet cz\u0142onk\u00f3w SGP. Emerytowani nauczyciele akademiccy wp\u0142acaj\u0105 sk\u0142adki roczne w wysoko\u015bci 40 z\u0142, za\u015b cz\u0142onkowie, kt\u00f3rzy uko\u0144czyli 75 lat, s\u0105 ca\u0142kowicie zwolnieni z obowi\u0105zku uiszczania sk\u0142adek cz\u0142onkowskich SGP.<\/div>\n<\/section>\n<\/div>\n<\/div>\n<\/div>\n<\/div>\t\t\t\t\t\t\t\t<\/div>\n\t\t\t\t<\/div>\n\t\t\t\t\t<\/div>\n\t\t<\/div>\n\t\t\t\t\t<\/div>\n\t\t<\/section>\n\t\t\t\t<section class=\"elementor-section elementor-top-section elementor-element elementor-element-67d69a5 elementor-section-boxed elementor-section-height-default elementor-section-height-default\" data-id=\"67d69a5\" data-element_type=\"section\">\n\t\t\t\t\t\t<div class=\"elementor-container elementor-column-gap-no\">\n\t\t\t\t\t<div class=\"elementor-column elementor-col-100 elementor-top-column elementor-element elementor-element-91cb1d3\" data-id=\"91cb1d3\" data-element_type=\"column\">\n\t\t\t<div class=\"elementor-widget-wrap elementor-element-populated\">\n\t\t\t\t\t\t<div class=\"elementor-element elementor-element-7680235 elementor-widget elementor-widget-text-editor\" data-id=\"7680235\" data-element_type=\"widget\" data-widget_type=\"text-editor.default\">\n\t\t\t\t<div class=\"elementor-widget-container\">\n\t\t\t\t\t\t\t\t\t<header>\n<h1>Konto bankowe<\/h1>\n<\/header>\n<div>\n<p><span lang=\"DE\">W PLN\/in PLN (Zloty):<\/span><\/p>\n<p><strong><span lang=\"DE\">Nr konta \/ Kontonummer: <\/span><\/strong><span lang=\"DE\">44 1090 2138 0000 0001 4241 4790<u><\/u><u><\/u><\/span><\/p>\n<p><strong><span lang=\"DE\">Nr konta \/ Kontonummer (IBAN): <\/span><\/strong><span lang=\"DE\">PL44109021380000000142414790<\/span><\/p>\n<p><strong>SWIFT (BIC code): <\/strong>WBKPPLPP<u><\/u><u><\/u><\/p>\n<p><strong>W\u0142a\u015bciciel konta \/ Kontoinhaber:<\/strong> Stowarzyszenie Germanist\u00f3w Polskich, ul. Dobra 55, 00-312 Warszawa<u><\/u><u><\/u><\/p>\n<p><strong>Nazwa banku \/ Kreditinstitut:<\/strong>\u00a0Santander Bank Polska S.A.,\u00a0I. Oddz. w Opolu<u><\/u><u><\/u><\/p>\n<p><span lang=\"DE\">W EURO \/ In Euro:<u><\/u><u><\/u><\/span><\/p>\n<p><strong><span lang=\"DE\">Nr konta \/ Kontonummer (IBAN):\u00a0<\/span><\/strong><span lang=\"DE\">PL56109021380000000142<wbr \/>415253<u><\/u><u><\/u><\/span><\/p>\n<p><strong><span lang=\"DE\">SWIFT (BIC code):<\/span><\/strong><span lang=\"DE\"> WBKPPLPP<u><\/u><u><\/u><\/span><\/p>\n<p><strong>W\u0142a\u015bciciel konta \/ Kontoinhaber:<\/strong> Stowarzyszenie Germanist\u00f3w Polskich, ul. Dobra 55, 00-312 Warszawa<u><\/u><u><\/u><\/p>\n<p><strong>Nazwa banku \/ Kreditinstitut:<\/strong> Santander Bank Polska S.A., I. Oddz. w Opolu<\/p>\n<p><strong>\u00a0<\/strong><\/p>\n<\/div>\t\t\t\t\t\t\t\t<\/div>\n\t\t\t\t<\/div>\n\t\t\t\t\t<\/div>\n\t\t<\/div>\n\t\t\t\t\t<\/div>\n\t\t<\/section>\n\t\t\t\t<section class=\"elementor-section elementor-top-section elementor-element elementor-element-6fcafbe elementor-section-boxed elementor-section-height-default elementor-section-height-default\" data-id=\"6fcafbe\" data-element_type=\"section\">\n\t\t\t\t\t\t<div class=\"elementor-container elementor-column-gap-default\">\n\t\t\t\t\t<div class=\"elementor-column elementor-col-100 elementor-top-column elementor-element elementor-element-3d77a24\" data-id=\"3d77a24\" data-element_type=\"column\">\n\t\t\t<div class=\"elementor-widget-wrap elementor-element-populated\">\n\t\t\t\t\t\t<div class=\"elementor-element elementor-element-51be7de elementor-widget elementor-widget-text-editor\" data-id=\"51be7de\" data-element_type=\"widget\" data-widget_type=\"text-editor.default\">\n\t\t\t\t<div class=\"elementor-widget-container\">\n\t\t\t\t\t\t\t\t\t<h1>Cz\u0142onkowie honorowi, <br \/>laureaci Statuetek honorowych Stowarzyszenia Germanist\u00f3w Polskich<\/h1>\n<p>Prof. dr Hans-J\u00fcrgen Krumm<br \/>Prof. dr Hartmut Eggert<br \/>Prof. dr hab. Adam Zieli\u0144ski<br \/>Prof. dr Olga Dobijanka-Witczakowa<br \/>Prof. dr Karl-Dieter B\u00fcnting<br \/>Prof. dr Wolfgang Heinemann<br \/>Prof. dr Margot Heinemann<br \/>dr Heinz-Rudi Spiegel<br \/>dr Gisela Janetzke<br \/>Prof. dr Heinz Vater<br \/>Prof. dr hab. Lech Kolago<\/p>\t\t\t\t\t\t\t\t<\/div>\n\t\t\t\t<\/div>\n\t\t\t\t\t<\/div>\n\t\t<\/div>\n\t\t\t\t\t<\/div>\n\t\t<\/section>\n\t\t\t\t<\/div>\n\t\t","protected":false},"excerpt":{"rendered":"<p>Cz\u0142onkowstwo Cz\u0142onkiem zwyczajnym Stowarzyszenia mo\u017ce zosta\u0107 osoba pe\u0142noletnia dzia\u0142aj\u0105ca naukowo w zakresie szeroko rozumianej germanistyki lub posiadaj\u0105ca wykszta\u0142cenie w tym zakresie, kt\u00f3rej kwalifikacje zosta\u0142y uznane przez Zarz\u0105d Stowarzyszenia za wystarczaj\u0105ce. Decyzj\u0119 o przyj\u0119ciu cz\u0142onk\u00f3w zwyczajnych podejmuje Zarz\u0105d Stowarzyszenia na postawie wniosku i pisemnej opinii (rekomendacji)\u00a0dw\u00f3ch [&hellip;]<\/p>\n","protected":false},"author":2,"featured_media":0,"parent":0,"menu_order":0,"comment_status":"closed","ping_status":"closed","template":"","meta":{"footnotes":""},"class_list":["post-385","page","type-page","status-publish","hentry","post"],"_links":{"self":[{"href":"https:\/\/sgp.edu.pl\/index.php\/wp-json\/wp\/v2\/pages\/385"}],"collection":[{"href":"https:\/\/sgp.edu.pl\/index.php\/wp-json\/wp\/v2\/pages"}],"about":[{"href":"https:\/\/sgp.edu.pl\/index.php\/wp-json\/wp\/v2\/types\/page"}],"author":[{"embeddable":true,"href":"https:\/\/sgp.edu.pl\/index.php\/wp-json\/wp\/v2\/users\/2"}],"replies":[{"embeddable":true,"href":"https:\/\/sgp.edu.pl\/index.php\/wp-json\/wp\/v2\/comments?post=385"}],"version-history":[{"count":59,"href":"https:\/\/sgp.edu.pl\/index.php\/wp-json\/wp\/v2\/pages\/385\/revisions"}],"predecessor-version":[{"id":1576,"href":"https:\/\/sgp.edu.pl\/index.php\/wp-json\/wp\/v2\/pages\/385\/revisions\/1576"}],"wp:attachment":[{"href":"https:\/\/sgp.edu.pl\/index.php\/wp-json\/wp\/v2\/media?parent=385"}],"curies":[{"name":"wp","href":"https:\/\/api.w.org\/{rel}","templated":true}]}}